t common divisor of 135 and 1076295?
15
What is the greatest common divisor of 281577 and 4089?
141
Calculate the highest common factor of 207174 and 18.
6
What is the highest common divisor of 7 and 1458751?
7
What is the greatest common divisor of 37964 and 4?
4
Calculate the highest common factor of 14 and 4582634.
14
Calculate the greatest common divisor of 25 and 80.
5
What is the greatest common divisor of 280 and 135485?
35
What is the greatest common divisor of 15 and 6724725?
15
Calculate the highest common factor of 47 and 371817.
47
What is the highest common divisor of 135 and 182655?
135
Calculate the greatest common factor of 448 and 364784.
112
Calculate the greatest common divisor of 27328 and 2684.
244
What is the highest common factor of 2045168 and 206?
206
What is the highest common divisor of 10971 and 8639?
53
What is the highest common factor of 1954824 and 7896?
1128
Calculate the greatest common divisor of 220 and 10032.
44
What is the greatest common divisor of 1147469 and 526?
263
What is the greatest common factor of 204 and 1256016?
12
What is the greatest common divisor of 378054 and 162?
54
Calculate the greatest common factor of 6531546 and 1722.
1722
What is the greatest common divisor of 67797 and 217?
31
Calculate the highest common divisor of 10 and 95730.
10
What is the highest common divisor of 10281 and 84036?
447
Calculate the highest common factor of 40963 and 2093.
299
What is the highest common factor of 9912 and 42?
42
Calculate the greatest common factor of 860 and 241445.
215
What is the highest common divisor of 2985750 and 375?
375
What is the greatest common divisor of 57675 and 2550?
75
What is the highest common divisor of 880 and 1506285?
55
Calculate the greatest common divisor of 36 and 1006758.
18
What is the highest common divisor of 32925 and 300?
75
What is the highest common divisor of 84364 and 4061?
131
Calculate the highest common factor of 268 and 33567.
67
What is the greatest common factor of 2235 and 7365815?
745
Calculate the highest common factor of 3472 and 163464.
56
What is the greatest common divisor of 27738 and 598?
46
What is the greatest common factor of 1553 and 881?
1
What is the greatest common divisor of 3903217 and 17?
17
Calculate the highest common factor of 2979 and 4437.
9
What is the highest common divisor of 243760 and 1012?
44
Calculate the greatest common factor of 3611 and 8321.
157
What is the highest common factor of 133 and 39064?
19
What is the greatest common divisor of 210 and 15645?
105
What is the greatest common divisor of 122473 and 39?
13
What is the greatest common factor of 83121 and 412?
103
What is the highest common divisor of 112 and 1872?
16
Calculate the greatest common divisor of 396 and 4422.
66
Calculate the greatest common factor of 624 and 588.
12
What is the highest common factor of 448 and 33728?
64
Calculate the highest common divisor of 134995 and 1470.
245
Calculate the highest common factor of 810 and 137466.
18
Calculate the greatest common factor of 414486 and 3.
3
Calculate the highest common divisor of 62 and 91481.
31
What is the greatest common divisor of 31324 and 656?
164
Calculate the greatest common factor of 6494 and 578.
34
Calculate the greatest common divisor of 14536 and 147256.
632
What is the highest common divisor of 243838 and 308?
14
What is the highest common divisor of 100 and 33600?
100
Calculate the highest common divisor of 912177 and 105.
21
What is the greatest common factor of 13198 and 10?
2
Calculate the highest common factor of 283878 and 189.
189
Calculate the greatest common divisor of 1987 and 1.
1
Calculate the greatest common divisor of 2546 and 152.
38
Calculate the highest common divisor of 1006430 and 2280.
190
What is the greatest common divisor of 44 and 6955344?
44
What is the highest common divisor of 230587 and 21?
7
Calculate the highest common factor of 5988242 and 218.
218
What is the highest common factor of 16 and 6036?
4
What is the greatest common factor of 2780 and 21380?
20
Calculate the highest common divisor of 157124 and 594.
22
Calculate the greatest common divisor of 2656 and 32702.
166
Calculate the highest common factor of 12103 and 872347.
931
What is the greatest common divisor of 36 and 23004?
36
What is the greatest common divisor of 299 and 20378?
23
Calculate the highest common divisor of 108 and 30696.
12
Calculate the greatest common factor of 273 and 1869.
21
Calculate the highest common divisor of 10967 and 5269.
11
What is the greatest common factor of 70023 and 1275?
51
What is the greatest common divisor of 136 and 27370?
34
Calculate the greatest common divisor of 264 and 8217.
33
What is the highest common divisor of 291 and 208?
1
Calculate the greatest common factor of 495 and 102630.
165
What is the highest common factor of 234 and 10517?
13
What is the highest common factor of 11825 and 10?
5
What is the greatest common factor of 112 and 315784?
56
What is the highest common divisor of 685730 and 470?
470
Calculate the greatest common divisor of 464535 and 186.
93
Calculate the highest common factor of 4720 and 1382016.
944
Calculate the highest common divisor of 15 and 151295.
5
Calculate the greatest common factor of 981 and 50467.
109
What is the greatest common factor of 9042 and 759?
33
What is the greatest common divisor of 702 and 1566?
54
Calculate the greatest common factor of 2240 and 615776.
224
What is the greatest common factor of 145 and 522?
29
Calculate the highest common divisor of 11058 and 1561506.
582
What is the greatest common divisor of 6879900 and 60?
60
What is the greatest common divisor of 209840 and 10?
10
Calculate the highest common divisor of 1584 and 8424.
72
What is the greatest common factor of 3276 and 72?
36
Calculate the highest common divisor of 3344 and 114.
38
Calculate the greatest common factor of 728 and 63154.
182
What is the highest common divisor of 30 and 53982?
6
What is the highest common divisor of 17621 and 27403?
67
Calculate the greatest common factor of 3 and 1694.
1
What is the greatest common factor of 79620 and 360?
60
Calculate the highest common divisor of 8 and 259528.
8
What is the greatest common divisor of 267358 and 494?
26
What is the highest common divisor of 43470 and 525?
105
Calculate the highest common factor of 820534 and 4446.
494
Calculate the greatest common factor of 7 and 8015.
7
Calculate the greatest common factor of 47 and 2209.
47
Calculate the highest common factor of 17496 and 9477.
729
What is the highest common factor of 9691 and 343590?
881
Calculate the greatest common divisor of 958979 and 49.
49
What is the greatest common factor of 208064 and 1952?
32
What is the highest common factor of 55386 and 4437?
153
Calculate the highest common factor of 588 and 994.
14
What is the highest common divisor of 171 and 999?
9
Calculate the greatest common divisor of 1052 and 19462.
526
Calculate the highest common divisor of 44486 and 104.
26
What is the greatest common divisor of 825 and 39281?
11
What is the highest common divisor of 1006614 and 567?
189
What is the highest common factor of 352066 and 726?
22
Calculate the greatest common divisor of 1946 and 14734.
278
What is the greatest common divisor of 4815948 and 12?
12
Calculate the greatest common divisor of 62 and 17763.
31
Calculate the highest common divisor of 73 and 196151.
73
Calculate the greatest common divisor of 66 and 106656.
66
Calculate the highest common factor of 111979 and 357.
119
Calculate the greatest common factor of 3 and 6189.
3
Calculate the highest common divisor of 2541 and 208439.
77
Calculate the highest common factor of 1200 and 69900.
300
Calculate the greatest common divisor of 489 and 429.
3
What is the greatest common divisor of 2193 and 246261?
129
What is the greatest common divisor of 1532 and 32?
4
What is the greatest common divisor of 549354 and 1404?
78
Calculate the highest common divisor of 70 and 25515.
35
Calculate the highest common factor of 67536 and 1566.
18
What is the greatest common factor of 20118 and 1302?
42
What is the highest common factor of 130 and 28015?
65
Calculate the greatest common divisor of 5525 and 4825.
25
What is the greatest common factor of